2)/(-4 + (0 - -3)). Let s(y) = 14*y**3 + y**v - 6 + 5*y**2 + y - 17*y**3 - 5*y**2. Let h(k) = -4*i(k) - 3*s(k). What is h(3)?
-11
Let v(s) = -3*s - 67. Suppose u + 4*d + 26 = 0, -48*d = 5*u - 49*d + 67. Give v(u).
-25
Suppose 3*x - 4*x = -5*d - 9, 5*d = -5*x + 75. Suppose 0 = n - 3*n + x. Let q(i) = i**2 - 8*i + 6. What is q(n)?
-1
Let i(p) = -2*p + 7. Let t(a) = 3*a. Let k(l) = -3*i(l) - 3*t(l). Let c(n) = n + 7. Suppose -108*z = -109*z + 8. Let v(b) = z*c(b) + 3*k(b). Give v(6).
-13
Let x = 523 - 324. Suppose -7*k = -703 + x. Let j = 74 - k. Let d(z) = -z**3 + 2*z - 1. Give d(j).
-5
Let v = -221 + 223. Let h(k) = -44*k + 29*k + 27*k + 12*k**2 + 10 - v*k**3 + 3*k**3. Calculate h(-11).
-1
Let p(f) = -2*f**2 + 20*f - 20. Let q be p(8). Suppose 2*v = u + q, 7*u - 4*u + 12 = 2*v. Let g(o) = -o**3 + 7*o**2 - 6*o + 9. What is g(v)?
9
Let u(l) = 22*l**2 - 19*l - 23. Let i(k) = 5*k**2 - 5*k - 6. Let h(r) = -r**2 + 32*r + 2. Let n be h(32). Let s(z) = n*u(z) - 9*i(z). Determine s(9).
-10
Let j(p) = -4*p**2 + 2*p + 2. Let c be 2/(-6)*-2*36/8. Suppose -4*q + 15 = -n + 13, 5*q + c = 4*n. What is j(n)?
-10
Let n(k) = k**2 - 5*k - 22. Suppose o - 6 + 9 = 0, 5*d - 155 = 5*o. Suppose -d = -5*l + 7. Let f be n(l). Let j(c) = -c - 7. Give j(f).
1
Let u(t) = 1 + 1 + 164*t - 169*t. Let o = 22 + -11. Let c(l) = l - 9. Let b be c(o). Determine u(b).
-8
Suppose 0 = -g + 3*i + 128, 3*g = -4*i + 292 + 144. Let f be g/(-21)*(-6)/4. Suppose 0 = -d - d + f. Let q(y) = y**2 - 3*y. Calculate q(d).
10
Let d(m) = -23*m + 39. Suppose -685 = -659*t + 179*t + 755. Calculate d(t).
-30
Let o(g) = 9*g - 7*g - 27*g - 12 + 16*g. What is o(-6)?
42
Let s = 5 - -40. Suppose 0*j = -j + b + 49, s = j + 3*b. Let o be (-18)/(-90) - j/(-10). Let f(d) = -d**3 + 7*d**2 - 6*d - 6. Determine f(o).
14
Let w(s) = 303*s - 609. Let c be w(2). Let z(f) = -f**3 - 6*f**2 + 2. Calculate z(c).
-25
Let q(t) be the third derivative of t**4/24 + 49*t**3/6 - 228*t**2 - t. Give q(8).
57
Let q(g) = -g**2 - 9*g + 1. Suppose 4*d = -4*i + 24, -2*d - i + 15 = -0*d. Suppose -5*c - 2*m - d = -4*c, -2*c - 18 = -2*m. What is q(c)?
1
Let c(m) = -100*m + 2. Let j(k) = 297*k - 19. Let q(v) = 3*c(v) + j(v). Give q(-17).
38
Let k(b) = b**3 + 4*b**2 - 40*b - 176. Let m = 23172 - 23177. Give k(m).
-1
Let p(a) be the first derivative of a**5/120 - a**4/12 + 7*a**3/3 - 2*a + 75. Let v(n) be the third derivative of p(n). Give v(7).
5
Let f = 254 + -256. Let h = -13 - -17. Let t(z) = 5*z + 4 - 1 - h*z. Determine t(f).
1
Let s be (2 - 0)/(26/(-39)). Let i(g) = -g. Suppose -j = -5*a - 1, 0 = -5*a - 0*j + 5*j + 15. Let d(f) = 7*f + 1. Let q(t) = a*d(t) - 6*i(t). Calculate q(s).
2
Suppose 0 = -9*q - 8*q - 116*q. Let r(l) be the second derivative of q + 1/12*l**4 + 21*l + 0*l**2 + 5/6*l**3. Give r(-6).
6
Let c(s) = -20*s - 4890 - 4907 - 4904 + 14673. What is c(-4)?
52
Let y(f) = 6*f**2 + f + 2. Let l(z) = 2*z**2 - 1. Let d(t) = -2*l(t) - y(t). Suppose -10 = -7*g + 4. Suppose 2*o = 2*i - 0*i - 2, 10 = -g*i - 4*o. Give d(i).
-9
Let c(b) be the third derivative of b**6/120 + b**5/5 + b**4/3 - 7*b**3/3 - 205*b**2 - 1. Determine c(-11).
19
Let y be ((-10)/20)/(0 + 1/90). Let w(h) = 4*h + 188. Calculate w(y).
8
Let i = 261 - 264. Let j be 11 + 6*(2 + i). Let c(g) = -4*g. Give c(j).
-20
Let g(l) = -8*l - 20. Let z(k) = 23*k + 58. Let i be (-225)/(-125)*(-20)/(-6). Let c(r) = i*z(r) + 17*g(r). Calculate c(-6).
-4
Let r = 1091/78 + -526/39. Let q(g) be the first derivative of r*g**2 - 6*g - 18. What is q(5)?
-1
Let k(d) be the third derivative of 0*d - 1/4*d**4 - d**3 + 1/20*d**5 + 1/120*d**6 + 0 - 7*d**2. Let y be -4 + 8 + -1 + -7. Calculate k(y).
2
Let o = -10334 + 10304. Let a(q) = 3*q + 90. Determine a(o).
0
Let b = 20 + -18. Let c(a) = -2*a**3 - 2*a - 2. Let x be c(-2). Let u(l) = x*l - b - 12*l - 5*l. Determine u(-6).
-8
Let b be 1054/186 + (-2 - 8/(-6)). Suppose 2*i - 4 = 0, -9*v + b*i = -10*v + 12. Let g(r) = 3*r - 2 - 2*r**2 - 1 + 2*r**3 + r. Give g(v).
13
Let a(x) = -2*x - 2. Let n(y) = -3*y - 1. Let b(z) = 5*a(z) - 4*n(z). Let c be ((-2980)/5215)/(2/(-21)). Calculate b(c).
6
Let q(f) = -f**2 + 17*f + 21. Let n(l) = -401*l - 7200. Let r be n(-18). Give q(r).
3
Suppose 8*k = 20 + 12. Suppose -2*m + 3*d + 11 = 40, 0 = -k*m + 4*d - 56. Let f = -7 - m. Let x(z) = -z**3 + 7*z**2 - 6*z - 1. Determine x(f).
-1
Suppose -5*k - 16 = -2*z - 10, 0 = 5*z + 2*k + 14. Let i(l) = -l**2 + 6. Give i(z).
2
Let g(o) be the first derivative of o**3/3 + 3*o**2 + 5*o - 625. Let x(b) = 5*b**3 - 2*b**2 + b. Let h be x(1). Suppose h*k = k - 15. Calculate g(k).
0
Let p(c) = c**2 - 2*c - 9. Suppose 0 = 7*t - 4*m, 94*t + 4*m = 90*t + 44. Determine p(t).
-1
Let l(u) be the first derivative of 3*u**4/4 + u**3/3 - 7*u**2 - 15*u + 2774. Determine l(-1).
-3
Let u(p) = -15*p + 7. Let z be (-93 - 9)/6 + 21. Determine u(z).
-53
Let i(q) = q + 13. Let f be i(0). Let n(h) be the first derivative of -h**4/4 + 13*h**3/3 - 4*h - 3639. Give n(f).
-4
Let w(l) be the first derivative of -l**3/3 + 4*l**2 + 4*l + 16. Suppose -2*q = 3*j - 39, -3*j + 12*q - 15*q + 45 = 0. Determine w(j).
-5
Let d(v) = -4 + 1 - 2*v + 3. Suppose 90 = 88*p + 2. Determine d(p).
-2
Let z = -21182 + 21176. Let h(w) = -18*w - 91. What is h(z)?
17
Let p be 6253/4 - 4/16. Suppose p*q = 1561*q. Let f(t) = t**3 + t**2 + t - 7. Give f(q).
-7
Let r(t) = 10*t**3 + 12*t**2 - t + 1. Let o(w) = -23*w**3 - 25*w**2 + 2*w - 5. Let k(z) = 3*o(z) + 7*r(z). Calculate k(-9).
1
Let p(f) be the first derivative of f**2/2 + 11*f + 9. Let t(a) = 46*a - 335. Let k be t(7). Calculate p(k).
-2
Let k(v) = v**3 - 7*v**2 + 7*v - 5. Let a be k(6). Let q(g) = -5*g + 3*g + g + 22*g**3 + 2*g - 522*g**2 + 520*g**2. Calculate q(a).
21
Let c(y) = y**2 + 6*y - 17. Let o be c(3). Let d(t) = -3 + o - t - 6 - 12. Give d(-13).
2
Let p(x) = 161*x + 32. Let u be p(18). Let g(f) = -f + f**3 - u*f**2 + 2930*f**2 - 4. Give g(0).
-4
Let a = 2 - 3. Let l(q) be the second derivative of -13*q**3/3 + q**2/2 - 756*q. Calculate l(a).
27
Let t(f) = 3*f**2 + 19*f + 2. Let l(w) = -8 + 5 + 2*w**2 + 5 + 13*w. Let d(c) = -8*l(c) + 5*t(c). Give d(-5).
14
Let l(h) = 110*h - 55*h - 24 - 54*h + 64. What is l(-7)?
33
Let n(h) = 30*h + 64. Suppose -372 = 77*a + 181*a - 72*a. Determine n(a).
4
Let f(y) = 0*y + 4*y + 10 - 12 + 2 - 6*y**2. What is f(4)?
-80
Let b be -7 - -11 - -102 - -6. Let r(w) = -4 + 7 + 111*w - b*w - 4. Give r(-4).
3
Let a(v) be the third derivative of v**5/60 + v**4/4 + 5*v**3/3 + 12*v**2 - 125*v. Determine a(-5).
5
Suppose 15 + 3 = 2*n. Let v(x) = -52*x - 50*x - 46*x + 147*x + 2. Determine v(n).
-7
Let g(q) = -q**3 + 5*q**2 + 3*q + 5. Suppose 21 = 3*w - 36. Let n = 0 + w. Suppose 7*x - 23 = n. Determine g(x).
-13
Suppose 2*p = 3 + 9. Let i(o) = 11*o + 19. Let n be i(-1). Let d be (n/p)/(4/(-6)). Let m(x) = 2*x**3 + 2*x**2 - x - 1. Determine m(d).
-7
Let a(o) = 1074*o - 1 - 7*o**2 - 1091*o + 3 - o**3. Let z(q) = -q**3 - 7*q**2 - 19*q + 2. Let l(c) = 6*a(c) - 5*z(c). Determine l(-6).
8
Let c(t) = -25*t + 141. Let r be c(5). Let f(v) = -v**2 + 16*v + 7. Give f(r).
7
Let g(p) = -p + 1. Let j(w) = 27*w**2 - 7*w + 9. Let v(f) = -41*f**2 + 11*f - 14. Let a(i) = -7*j(i) - 5*v(i). Let x(k) = -a(k) + 6*g(k). Calculate x(1).
-17
Suppose 0 = 3*b + 2*d + 15, -3*b - 40*d = -44*d - 3. Let k(c) = c**3 + c**2 - 4*c - 1. Determine k(b).
-7
Suppose 9 = 2*s + 2*s + t, 6 = 5*s - 4*t. Let y be -4 + (-19 + 22)*(0 + 2). Let z(f) = 0*f**y - 4 - 5*f - f**s + 8*f + 7. Give z(4).
-1
Let j(f) = 8*f. Let q(k) = -k**3 - 24*k**2 + 47*k + 358. Let r(o) = -4*j(o) + q(o). Give r(-24).
-2
Let f(o) = o + 3*o + 412 - 1253 + 452 + 420. Let s = 7 + -14. Calculate f(s).
3
Let z(r) = r**2 + 12*r - 16. Let i(g) = 13*g**3 + 28*g**2 + 29*g + 1. Let s be i(-1). What is z(s)?
-3
Let b(i) = -2*i + 3 + 1 - i. Suppose -10*z = -z - 36. Suppose -2*h + z*k - 21 = -k, 0 = -2*h - 4*k + 6. What is b(h)?
13
Let o(b) = -213*b + b**2 + 63*b + 131*b + 28. What is o(17)?
-6
Let m(w) be the first derivative of -1/4*w**4 + 4*w + 3*w**2 + 2*w**3 - 118. Determine m(7).
-3
Suppose 69*z - 101*z + 70 = -26. Let n(d) be the first derivative of -8*d - 2 + 1/3*d**z - 2*d**2. What is n(6)?
4
Let x(o) = -3*o + 5. Let g(c) = 23*c**2 + 1 + 0*c**2 - 15*c**2 + 3*c. Let u be g(-1). Give x(u).
-13
Let z(m) = m**3 + 6